{"id":2,"date":"2025-12-14T08:07:38","date_gmt":"2025-12-14T08:07:38","guid":{"rendered":"http:\/\/amopa16.fr\/?page_id=2"},"modified":"2026-01-02T22:54:21","modified_gmt":"2026-01-02T22:54:21","slug":"bienvenue","status":"publish","type":"page","link":"https:\/\/amopa16.fr\/index.php\/bienvenue\/","title":{"rendered":"Pr\u00e9sentation de l\u2019AMOPA"},"content":{"rendered":"\n<p>L\u2019AMOPA a pour but :<\/p>\n\n\n\n<div class=\"wp-block-group has-global-padding is-layout-constrained wp-block-group-is-layout-constrained\">\n<p class=\"wp-container-content-69bc4bdf\">de contribuer au rayonnement, et au cr\u00e9dit de l\u2019ordre des palmes acad\u00e9miques ; <\/p>\n\n\n\n<p>de contribuer au d\u00e9veloppement d&rsquo;actions \u00e9ducatives, en faveur de la jeunesse ; <\/p>\n\n\n\n<p>de d\u00e9fendre et de promouvoir la langue et la culture fran\u00e7aises en France et \u00e0 l\u2019\u00e9tranger ; <\/p>\n\n\n\n<p>d&rsquo;instituer des \u0153uvres d\u2019entraide et d\u2019assistance, notamment en faveur des \u00e9l\u00e8ves et des \u00e9tudiants ; <\/p>\n\n\n\n<p>d\u2019organiser des r\u00e9unions et des manifestations culturelle, litt\u00e9raire, artistique ou scientifique ; <\/p>\n<\/div>\n\n\n\n<p>destin\u00e9es \u00e0 entretenir des relations amicales entre ses adh\u00e9rents et resserrer, au sein des sections, leurs liens d\u2019estime et de fraternit\u00e9.<\/p>\n\n\n\n<p><\/p>\n\n\n\n<p><\/p>\n","protected":false},"excerpt":{"rendered":"<p>L\u2019AMOPA a pour but : de contribuer au rayonnement, et au cr\u00e9dit de l\u2019ordre des palmes acad\u00e9miques ; de contribuer au d\u00e9veloppement d&rsquo;actions \u00e9ducatives, en faveur de la jeunesse ; de d\u00e9fendre et de promouvoir la langue et la culture fran\u00e7aises en France et \u00e0 l\u2019\u00e9tranger ; d&rsquo;instituer des \u0153uvres d\u2019entraide et d\u2019assistance, notamment en [&hellip;]<\/p>\n","protected":false},"author":1,"featured_media":0,"parent":0,"menu_order":0,"comment_status":"closed","ping_status":"open","template":"","meta":{"footnotes":""},"class_list":["post-2","page","type-page","status-publish","hentry"],"_links":{"self":[{"href":"https:\/\/amopa16.fr\/index.php\/wp-json\/wp\/v2\/pages\/2","targetHints":{"allow":["GET"]}}],"collection":[{"href":"https:\/\/amopa16.fr\/index.php\/wp-json\/wp\/v2\/pages"}],"about":[{"href":"https:\/\/amopa16.fr\/index.php\/wp-json\/wp\/v2\/types\/page"}],"author":[{"embeddable":true,"href":"https:\/\/amopa16.fr\/index.php\/wp-json\/wp\/v2\/users\/1"}],"replies":[{"embeddable":true,"href":"https:\/\/amopa16.fr\/index.php\/wp-json\/wp\/v2\/comments?post=2"}],"version-history":[{"count":5,"href":"https:\/\/amopa16.fr\/index.php\/wp-json\/wp\/v2\/pages\/2\/revisions"}],"predecessor-version":[{"id":94,"href":"https:\/\/amopa16.fr\/index.php\/wp-json\/wp\/v2\/pages\/2\/revisions\/94"}],"wp:attachment":[{"href":"https:\/\/amopa16.fr\/index.php\/wp-json\/wp\/v2\/media?parent=2"}],"curies":[{"name":"wp","href":"https:\/\/api.w.org\/{rel}","templated":true}]}}